{"version":"1.0","provider_name":"\u0645\u062c\u0644\u0629 \u0627\u0644\u0645\u062f\u064a\u0646\u0629","provider_url":"https:\/\/citymagazine.si\/ar","author_name":"CityMagazine","author_url":"https:\/\/citymagazine.si\/ar\/author\/citymagazine\/","title":"Puhovke: U\u017eivajte v zimi in ostanite zunaj dlje","type":"rich","width":600,"height":338,"html":"<blockquote class=\"wp-embedded-content\" data-secret=\"XjD1Zmq5Df\"><a href=\"https:\/\/citymagazine.si\/ar\/\u0627\u0633\u062a\u0645\u062a\u0639-\u0628\u0627\u0644\u0633\u062a\u0631\u0627\u062a-\u0627\u0644\u0648\u0627\u0642\u064a\u0629-\u0645\u0646-\u0627\u0644\u0631\u0635\u0627\u0635-\u0641\u064a-\u0627\/\">\u0627\u0644\u0633\u062a\u0631\u0627\u062a \u0627\u0644\u0648\u0627\u0642\u064a\u0629 \u0645\u0646 \u0627\u0644\u0631\u0635\u0627\u0635: \u0627\u0633\u062a\u0645\u062a\u0639 \u0628\u0627\u0644\u0634\u062a\u0627\u0621 \u0648\u0627\u0628\u0642 \u0628\u0627\u0644\u062e\u0627\u0631\u062c \u0644\u0641\u062a\u0631\u0629 \u0623\u0637\u0648\u0644<\/a><\/blockquote><iframe sandbox=\"allow-scripts\" security=\"restricted\" src=\"https:\/\/citymagazine.si\/ar\/\u0627\u0633\u062a\u0645\u062a\u0639-\u0628\u0627\u0644\u0633\u062a\u0631\u0627\u062a-\u0627\u0644\u0648\u0627\u0642\u064a\u0629-\u0645\u0646-\u0627\u0644\u0631\u0635\u0627\u0635-\u0641\u064a-\u0627\/embed\/#?secret=XjD1Zmq5Df\" width=\"600\" height=\"338\" title=\"&#8220;Puhovke: U\u017eivajte v zimi in ostanite zunaj dlje&#8221; &#8212; City Magazine\" data-secret=\"XjD1Zmq5Df\" frameborder=\"0\" marginwidth=\"0\" marginheight=\"0\" scrolling=\"no\" class=\"wp-embedded-content\"><\/iframe><script type=\"text\/javascript\">\n\/* <![CDATA[ *\/\n\/*! This file is auto-generated *\/\n!function(d,l){\"use strict\";l.querySelector&&d.addEventListener&&\"undefined\"!=typeof URL&&(d.wp=d.wp||{},d.wp.receiveEmbedMessage||(d.wp.receiveEmbedMessage=function(e){var t=e.data;if((t||t.secret||t.message||t.value)&&!\/[^a-zA-Z0-9]\/.test(t.secret)){for(var s,r,n,a=l.querySelectorAll('iframe[data-secret=\"'+t.secret+'\"]'),o=l.querySelectorAll('blockquote[data-secret=\"'+t.secret+'\"]'),c=new RegExp(\"^https?:$\",\"i\"),i=0;i<o.length;i++)o[i].style.display=\"none\";for(i=0;i<a.length;i++)s=a[i],e.source===s.contentWindow&&(s.removeAttribute(\"style\"),\"height\"===t.message?(1e3<(r=parseInt(t.value,10))?r=1e3:~~r<200&&(r=200),s.height=r):\"link\"===t.message&&(r=new URL(s.getAttribute(\"src\")),n=new URL(t.value),c.test(n.protocol))&&n.host===r.host&&l.activeElement===s&&(d.top.location.href=t.value))}},d.addEventListener(\"message\",d.wp.receiveEmbedMessage,!1),l.addEventListener(\"DOMContentLoaded\",function(){for(var e,t,s=l.querySelectorAll(\"iframe.wp-embedded-content\"),r=0;r<s.length;r++)(t=(e=s[r]).getAttribute(\"data-secret\"))||(t=Math.random().toString(36).substring(2,12),e.src+=\"#?secret=\"+t,e.setAttribute(\"data-secret\",t)),e.contentWindow.postMessage({message:\"ready\",secret:t},\"*\")},!1)))}(window,document);\n\/* ]]> *\/\n<\/script>","thumbnail_url":"https:\/\/citymagazine.si\/wp-content\/uploads\/2023\/12\/fjaellraeven-nuuk-polar-parka-damen-2-1328641-e1702617745596.jpg","thumbnail_width":1500,"thumbnail_height":862,"description":"Jesen in zima sta za podjetje Fj\u00e4llr\u00e4ven \u0161e posebej pomembna letna \u010dasa, ne le zaradi njegovega severnega izvora, temve\u010d tudi zato, ker je naravo v teh letnih \u010dasih v\u010dasih malo bolj te\u017eko ceniti. Fj\u00e4llr\u00e4ven verjame, da lahko s pravo opremo in znanjem tudi pozimi v naravi u\u017eiva vsakdo."}

مجلة المدينة

Puhovke: Uživajte v zimi in ostanite zunaj dlje

<blockquote class="wp-embedded-content" data-secret="XjD1Zmq5Df"><a href="https://citymagazine.si/ar/استمتع-بالسترات-الواقية-من-الرصاص-في-ا/">السترات الواقية من الرصاص: استمتع بالشتاء وابق بالخارج لفترة أطول</a></blockquote><iframe sandbox="allow-scripts" security="restricted" src="https://citymagazine.si/ar/استمتع-بالسترات-الواقية-من-الرصاص-في-ا/embed/#?secret=XjD1Zmq5Df" width="600" height="338" title="&#8220;Puhovke: Uživajte v zimi in ostanite zunaj dlje&#8221; &#8212; City Magazine" data-secret="XjD1Zmq5Df" frameborder="0" marginwidth="0" marginheight="0" scrolling="no" class="wp-embedded-content"></iframe><script type="text/javascript">
/* <![CDATA[ */
/*! This file is auto-generated */
!function(d,l){"use strict";l.querySelector&&d.addEventListener&&"undefined"!=typeof URL&&(d.wp=d.wp||{},d.wp.receiveEmbedMessage||(d.wp.receiveEmbedMessage=function(e){var t=e.data;if((t||t.secret||t.message||t.value)&&!/[^a-zA-Z0-9]/.test(t.secret)){for(var s,r,n,a=l.querySelectorAll('iframe[data-secret="'+t.secret+'"]'),o=l.querySelectorAll('blockquote[data-secret="'+t.secret+'"]'),c=new RegExp("^https?:$","i"),i=0;i<o.length;i++)o[i].style.display="none";for(i=0;i<a.length;i++)s=a[i],e.source===s.contentWindow&&(s.removeAttribute("style"),"height"===t.message?(1e3<(r=parseInt(t.value,10))?r=1e3:~~r<200&&(r=200),s.height=r):"link"===t.message&&(r=new URL(s.getAttribute("src")),n=new URL(t.value),c.test(n.protocol))&&n.host===r.host&&l.activeElement===s&&(d.top.location.href=t.value))}},d.addEventListener("message",d.wp.receiveEmbedMessage,!1),l.addEventListener("DOMContentLoaded",function(){for(var e,t,s=l.querySelectorAll("iframe.wp-embedded-content"),r=0;r<s.length;r++)(t=(e=s[r]).getAttribute("data-secret"))||(t=Math.random().toString(36).substring(2,12),e.src+="#?secret="+t,e.setAttribute("data-secret",t)),e.contentWindow.postMessage({message:"ready",secret:t},"*")},!1)))}(window,document);
/* ]]> */
</script>

Jesen in zima sta za podjetje Fjällräven še posebej pomembna letna časa, ne le zaradi njegovega severnega izvora, temveč tudi zato, ker je naravo v teh letnih časih včasih malo bolj težko ceniti. Fjällräven verjame, da lahko s pravo opremo in znanjem tudi pozimi v naravi uživa vsakdo.
