{"version":"1.0","provider_name":"Magaz\u00edn m\u011bsta","provider_url":"https:\/\/citymagazine.si\/cs","author_name":"Bo\u017eana Vukovi\u0107","author_url":"https:\/\/citymagazine.si\/cs\/author\/bozanav\/","title":"Popjazziada 2018: ve\u010dja, glasnej\u0161a in mo\u010dnej\u0161a kot prej","type":"rich","width":600,"height":338,"html":"<blockquote class=\"wp-embedded-content\" data-secret=\"6lT16Qmssg\"><a href=\"https:\/\/citymagazine.si\/cs\/popjazziada-2018-vecja-glasnejsa-in-mocnejsa-kot-prej\/\">Popjazzi\u00e1da 2018: v\u011bt\u0161\u00ed, hlasit\u011bj\u0161\u00ed a siln\u011bj\u0161\u00ed ne\u017e d\u0159\u00edve<\/a><\/blockquote><iframe sandbox=\"allow-scripts\" security=\"restricted\" src=\"https:\/\/citymagazine.si\/cs\/popjazziada-2018-vecja-glasnejsa-in-mocnejsa-kot-prej\/embed\/#?secret=6lT16Qmssg\" width=\"600\" height=\"338\" title=\"&#8222;Popjazziada 2018: ve\u010dja, glasnej\u0161a in mo\u010dnej\u0161a kot prej&#8220; &#8212; City Magazine\" data-secret=\"6lT16Qmssg\" frameborder=\"0\" marginwidth=\"0\" marginheight=\"0\" scrolling=\"no\" class=\"wp-embedded-content\"><\/iframe><script type=\"text\/javascript\">\n\/* <![CDATA[ *\/\n\/*! This file is auto-generated *\/\n!function(d,l){\"use strict\";l.querySelector&&d.addEventListener&&\"undefined\"!=typeof URL&&(d.wp=d.wp||{},d.wp.receiveEmbedMessage||(d.wp.receiveEmbedMessage=function(e){var t=e.data;if((t||t.secret||t.message||t.value)&&!\/[^a-zA-Z0-9]\/.test(t.secret)){for(var s,r,n,a=l.querySelectorAll('iframe[data-secret=\"'+t.secret+'\"]'),o=l.querySelectorAll('blockquote[data-secret=\"'+t.secret+'\"]'),c=new RegExp(\"^https?:$\",\"i\"),i=0;i<o.length;i++)o[i].style.display=\"none\";for(i=0;i<a.length;i++)s=a[i],e.source===s.contentWindow&&(s.removeAttribute(\"style\"),\"height\"===t.message?(1e3<(r=parseInt(t.value,10))?r=1e3:~~r<200&&(r=200),s.height=r):\"link\"===t.message&&(r=new URL(s.getAttribute(\"src\")),n=new URL(t.value),c.test(n.protocol))&&n.host===r.host&&l.activeElement===s&&(d.top.location.href=t.value))}},d.addEventListener(\"message\",d.wp.receiveEmbedMessage,!1),l.addEventListener(\"DOMContentLoaded\",function(){for(var e,t,s=l.querySelectorAll(\"iframe.wp-embedded-content\"),r=0;r<s.length;r++)(t=(e=s[r]).getAttribute(\"data-secret\"))||(t=Math.random().toString(36).substring(2,12),e.src+=\"#?secret=\"+t,e.setAttribute(\"data-secret\",t)),e.contentWindow.postMessage({message:\"ready\",secret:t},\"*\")},!1)))}(window,document);\n\/* ]]> *\/\n<\/script>","thumbnail_url":"https:\/\/i0.wp.com\/citymagazine.si\/wp-content\/uploads\/2018\/09\/mean-shadows-386545-unsplash-e1536053858429.jpg?fit=2296%2C1292&ssl=1","thumbnail_width":2296,"thumbnail_height":1292,"description":"Kako vstopiti v oktober brez a cappella festivala, ki bo letos za\u017eivel v novi obliki? 12. izvedba bo \u0161e bolj\u0161a, saj koncertu a cappella skupin dodajajo \u0161e tri ve\u010dere. Na \u0161tirih lokacijah s \u0161tirimi dogodki bo Popjazziada povezovala \u0161tiri dimenzije a cappelle. Zveni zapleteno?"}

Magazín města

Božana Vuković

Popjazziada 2018: večja, glasnejša in močnejša kot prej

<blockquote class="wp-embedded-content" data-secret="6lT16Qmssg"><a href="https://citymagazine.si/cs/popjazziada-2018-vecja-glasnejsa-in-mocnejsa-kot-prej/">Popjazziáda 2018: větší, hlasitější a silnější než dříve</a></blockquote><iframe sandbox="allow-scripts" security="restricted" src="https://citymagazine.si/cs/popjazziada-2018-vecja-glasnejsa-in-mocnejsa-kot-prej/embed/#?secret=6lT16Qmssg" width="600" height="338" title="&#8222;Popjazziada 2018: večja, glasnejša in močnejša kot prej&#8220; &#8212; City Magazine" data-secret="6lT16Qmssg" frameborder="0" marginwidth="0" marginheight="0" scrolling="no" class="wp-embedded-content"></iframe><script type="text/javascript">
/* <![CDATA[ */
/*! This file is auto-generated */
!function(d,l){"use strict";l.querySelector&&d.addEventListener&&"undefined"!=typeof URL&&(d.wp=d.wp||{},d.wp.receiveEmbedMessage||(d.wp.receiveEmbedMessage=function(e){var t=e.data;if((t||t.secret||t.message||t.value)&&!/[^a-zA-Z0-9]/.test(t.secret)){for(var s,r,n,a=l.querySelectorAll('iframe[data-secret="'+t.secret+'"]'),o=l.querySelectorAll('blockquote[data-secret="'+t.secret+'"]'),c=new RegExp("^https?:$","i"),i=0;i<o.length;i++)o[i].style.display="none";for(i=0;i<a.length;i++)s=a[i],e.source===s.contentWindow&&(s.removeAttribute("style"),"height"===t.message?(1e3<(r=parseInt(t.value,10))?r=1e3:~~r<200&&(r=200),s.height=r):"link"===t.message&&(r=new URL(s.getAttribute("src")),n=new URL(t.value),c.test(n.protocol))&&n.host===r.host&&l.activeElement===s&&(d.top.location.href=t.value))}},d.addEventListener("message",d.wp.receiveEmbedMessage,!1),l.addEventListener("DOMContentLoaded",function(){for(var e,t,s=l.querySelectorAll("iframe.wp-embedded-content"),r=0;r<s.length;r++)(t=(e=s[r]).getAttribute("data-secret"))||(t=Math.random().toString(36).substring(2,12),e.src+="#?secret="+t,e.setAttribute("data-secret",t)),e.contentWindow.postMessage({message:"ready",secret:t},"*")},!1)))}(window,document);
/* ]]> */
</script>

Kako vstopiti v oktober brez a cappella festivala, ki bo letos zaživel v novi obliki? 12. izvedba bo še boljša, saj koncertu a cappella skupin dodajajo še tri večere. Na štirih lokacijah s štirimi dogodki bo Popjazziada povezovala štiri dimenzije a cappelle. Zveni zapleteno?
