{"version":"1.0","provider_name":"City Magazine","provider_url":"https:\/\/citymagazine.si\/da","author_name":"CityMagazine","author_url":"https:\/\/citymagazine.si\/da\/author\/citymagazine\/","title":"LJFW 2019: za nami je prvi modni ve\u010der","type":"rich","width":600,"height":338,"html":"<blockquote class=\"wp-embedded-content\" data-secret=\"psXUy6TA38\"><a href=\"https:\/\/citymagazine.si\/da\/ljfw-2019-er-bag-os-den-forste-modeaften\/\">LJFW 2019: den f\u00f8rste modeaften er bag os<\/a><\/blockquote><iframe sandbox=\"allow-scripts\" security=\"restricted\" src=\"https:\/\/citymagazine.si\/da\/ljfw-2019-er-bag-os-den-forste-modeaften\/embed\/#?secret=psXUy6TA38\" width=\"600\" height=\"338\" title=\"&#8220;LJFW 2019: za nami je prvi modni ve\u010der&#8221; &#8212; City Magazine\" data-secret=\"psXUy6TA38\" frameborder=\"0\" marginwidth=\"0\" marginheight=\"0\" scrolling=\"no\" class=\"wp-embedded-content\"><\/iframe><script type=\"text\/javascript\">\n\/* <![CDATA[ *\/\n\/*! This file is auto-generated *\/\n!function(d,l){\"use strict\";l.querySelector&&d.addEventListener&&\"undefined\"!=typeof URL&&(d.wp=d.wp||{},d.wp.receiveEmbedMessage||(d.wp.receiveEmbedMessage=function(e){var t=e.data;if((t||t.secret||t.message||t.value)&&!\/[^a-zA-Z0-9]\/.test(t.secret)){for(var s,r,n,a=l.querySelectorAll('iframe[data-secret=\"'+t.secret+'\"]'),o=l.querySelectorAll('blockquote[data-secret=\"'+t.secret+'\"]'),c=new RegExp(\"^https?:$\",\"i\"),i=0;i<o.length;i++)o[i].style.display=\"none\";for(i=0;i<a.length;i++)s=a[i],e.source===s.contentWindow&&(s.removeAttribute(\"style\"),\"height\"===t.message?(1e3<(r=parseInt(t.value,10))?r=1e3:~~r<200&&(r=200),s.height=r):\"link\"===t.message&&(r=new URL(s.getAttribute(\"src\")),n=new URL(t.value),c.test(n.protocol))&&n.host===r.host&&l.activeElement===s&&(d.top.location.href=t.value))}},d.addEventListener(\"message\",d.wp.receiveEmbedMessage,!1),l.addEventListener(\"DOMContentLoaded\",function(){for(var e,t,s=l.querySelectorAll(\"iframe.wp-embedded-content\"),r=0;r<s.length;r++)(t=(e=s[r]).getAttribute(\"data-secret\"))||(t=Math.random().toString(36).substring(2,12),e.src+=\"#?secret=\"+t,e.setAttribute(\"data-secret\",t)),e.contentWindow.postMessage({message:\"ready\",secret:t},\"*\")},!1)))}(window,document);\n\/* ]]> *\/\n<\/script>","thumbnail_url":"https:\/\/i0.wp.com\/citymagazine.si\/wp-content\/uploads\/2019\/04\/ljfw_apr19_day1_photojuremakovec_173-e1554196843215.jpg?fit=2600%2C1733&ssl=1","thumbnail_width":2600,"thumbnail_height":1733,"description":"S prvim aprilskim dnem se je pri\u010dela jubilejna, 10. edicija ljubljanskega tedna mode (LJFW 2019), ki se bo kar \u0161tiri dni odvijal v sredi\u0161\u010du na\u0161e prestolnice. Prvi dan je zaznamovalo osem navdu\u0161ujo\u010dih modnih predstavitev, ve\u010der pa sta zaokro\u017eila izjemna kolekcija Petje Zorec in finalni izbor mednarodnega projekta FS SEE, na katerem je zmagala srbska oblikovalka Gala Borovi\u0107."}

LJFW 2019: za nami je prvi modni večer

<blockquote class="wp-embedded-content" data-secret="psXUy6TA38"><a href="https://citymagazine.si/da/ljfw-2019-er-bag-os-den-forste-modeaften/">LJFW 2019: den første modeaften er bag os</a></blockquote><iframe sandbox="allow-scripts" security="restricted" src="https://citymagazine.si/da/ljfw-2019-er-bag-os-den-forste-modeaften/embed/#?secret=psXUy6TA38" width="600" height="338" title="&#8220;LJFW 2019: za nami je prvi modni večer&#8221; &#8212; City Magazine" data-secret="psXUy6TA38" frameborder="0" marginwidth="0" marginheight="0" scrolling="no" class="wp-embedded-content"></iframe><script type="text/javascript">
/* <![CDATA[ */
/*! This file is auto-generated */
!function(d,l){"use strict";l.querySelector&&d.addEventListener&&"undefined"!=typeof URL&&(d.wp=d.wp||{},d.wp.receiveEmbedMessage||(d.wp.receiveEmbedMessage=function(e){var t=e.data;if((t||t.secret||t.message||t.value)&&!/[^a-zA-Z0-9]/.test(t.secret)){for(var s,r,n,a=l.querySelectorAll('iframe[data-secret="'+t.secret+'"]'),o=l.querySelectorAll('blockquote[data-secret="'+t.secret+'"]'),c=new RegExp("^https?:$","i"),i=0;i<o.length;i++)o[i].style.display="none";for(i=0;i<a.length;i++)s=a[i],e.source===s.contentWindow&&(s.removeAttribute("style"),"height"===t.message?(1e3<(r=parseInt(t.value,10))?r=1e3:~~r<200&&(r=200),s.height=r):"link"===t.message&&(r=new URL(s.getAttribute("src")),n=new URL(t.value),c.test(n.protocol))&&n.host===r.host&&l.activeElement===s&&(d.top.location.href=t.value))}},d.addEventListener("message",d.wp.receiveEmbedMessage,!1),l.addEventListener("DOMContentLoaded",function(){for(var e,t,s=l.querySelectorAll("iframe.wp-embedded-content"),r=0;r<s.length;r++)(t=(e=s[r]).getAttribute("data-secret"))||(t=Math.random().toString(36).substring(2,12),e.src+="#?secret="+t,e.setAttribute("data-secret",t)),e.contentWindow.postMessage({message:"ready",secret:t},"*")},!1)))}(window,document);
/* ]]> */
</script>

S prvim aprilskim dnem se je pričela jubilejna, 10. edicija ljubljanskega tedna mode (LJFW 2019), ki se bo kar štiri dni odvijal v središču naše prestolnice. Prvi dan je zaznamovalo osem navdušujočih modnih predstavitev, večer pa sta zaokrožila izjemna kolekcija Petje Zorec in finalni izbor mednarodnega projekta FS SEE, na katerem je zmagala srbska oblikovalka Gala Borović.
