{"version":"1.0","provider_name":"\u30b7\u30c6\u30a3\u30de\u30ac\u30b8\u30f3","provider_url":"https:\/\/citymagazine.si\/ja","author_name":"Jan Macarol","author_url":"https:\/\/citymagazine.si\/ja\/author\/jan\/","title":"Si predstavlja\u0161? Takole futuristi\u010dno bo videt modelna e-flota Volkswagen \u010dez dobra tri leta","type":"rich","width":600,"height":338,"html":"<blockquote class=\"wp-embedded-content\" data-secret=\"asVNvZpfQO\"><a href=\"https:\/\/citymagazine.si\/ja\/\u3053\u306e\u672a\u6765\u306e\u30d5\u30a9\u30eb\u30af\u30b9\u30ef\u30fc\u30b2\u30f3-\u30e2\u30c7\u30eb\u304c-3-\u5e74\u4ee5\u5185\/\">\u60f3\u50cf\u3067\u304d\u307e\u3059\u304b\uff1f\u3053\u308c\u306f\u3001\u30d5\u30a9\u30eb\u30af\u30b9\u30ef\u30fc\u30b2\u30f3 \u30e2\u30c7\u30eb\u306e e \u30d5\u30ea\u30fc\u30c8\u304c 3 \u5e74\u4ee5\u5185\u306b\u3069\u308c\u307b\u3069\u672a\u6765\u7684\u306b\u898b\u3048\u308b\u304b\u3067\u3059\u3002<\/a><\/blockquote><iframe sandbox=\"allow-scripts\" security=\"restricted\" src=\"https:\/\/citymagazine.si\/ja\/\u3053\u306e\u672a\u6765\u306e\u30d5\u30a9\u30eb\u30af\u30b9\u30ef\u30fc\u30b2\u30f3-\u30e2\u30c7\u30eb\u304c-3-\u5e74\u4ee5\u5185\/embed\/#?secret=asVNvZpfQO\" width=\"600\" height=\"338\" title=\"&#8220;Si predstavlja\u0161? Takole futuristi\u010dno bo videt modelna e-flota Volkswagen \u010dez dobra tri leta&#8221; &#8212; City Magazine\" data-secret=\"asVNvZpfQO\" frameborder=\"0\" marginwidth=\"0\" marginheight=\"0\" scrolling=\"no\" class=\"wp-embedded-content\"><\/iframe><script type=\"text\/javascript\">\n\/* <![CDATA[ *\/\n\/*! This file is auto-generated *\/\n!function(d,l){\"use strict\";l.querySelector&&d.addEventListener&&\"undefined\"!=typeof URL&&(d.wp=d.wp||{},d.wp.receiveEmbedMessage||(d.wp.receiveEmbedMessage=function(e){var t=e.data;if((t||t.secret||t.message||t.value)&&!\/[^a-zA-Z0-9]\/.test(t.secret)){for(var s,r,n,a=l.querySelectorAll('iframe[data-secret=\"'+t.secret+'\"]'),o=l.querySelectorAll('blockquote[data-secret=\"'+t.secret+'\"]'),c=new RegExp(\"^https?:$\",\"i\"),i=0;i<o.length;i++)o[i].style.display=\"none\";for(i=0;i<a.length;i++)s=a[i],e.source===s.contentWindow&&(s.removeAttribute(\"style\"),\"height\"===t.message?(1e3<(r=parseInt(t.value,10))?r=1e3:~~r<200&&(r=200),s.height=r):\"link\"===t.message&&(r=new URL(s.getAttribute(\"src\")),n=new URL(t.value),c.test(n.protocol))&&n.host===r.host&&l.activeElement===s&&(d.top.location.href=t.value))}},d.addEventListener(\"message\",d.wp.receiveEmbedMessage,!1),l.addEventListener(\"DOMContentLoaded\",function(){for(var e,t,s=l.querySelectorAll(\"iframe.wp-embedded-content\"),r=0;r<s.length;r++)(t=(e=s[r]).getAttribute(\"data-secret\"))||(t=Math.random().toString(36).substring(2,12),e.src+=\"#?secret=\"+t,e.setAttribute(\"data-secret\",t)),e.contentWindow.postMessage({message:\"ready\",secret:t},\"*\")},!1)))}(window,document);\n\/* ]]> *\/\n<\/script>","thumbnail_url":"https:\/\/i0.wp.com\/citymagazine.si\/wp-content\/uploads\/2019\/09\/cover-id-range.jpg?fit=1677%2C945&ssl=1","thumbnail_width":1677,"thumbnail_height":945,"description":"Le redko je mogo\u010de prihodnost videti in ob\u010dutiti tako neposredno kot na mednarodnem avtomobilskem salonu (IAA) v Frankfurtu, kjer je Volkswagen po mnenju mnogih naredil klju\u010den korak. Na trg je namre\u010d ponudi vozilo Volkswagen ID.3, ki je cenovno tako zelo blizu obi\u010dajnim vozilom z motorji na notranje izgorevanje, da zna prepri\u010dati marsikoga, ki mu je bila ideja o elektri\u010dnem avto le pov\u0161e\u010di. Njegova osnovna cena bo namre\u010d ni\u017eja od 30.000 evrov. Z razli\u010dnimi spodbudami ter subvencijami pa se zna spustiti tudi ni\u017eje. V polje, kjer je elektri\u010dni avtomobil popolnoma logi\u010dna izbira."}

シティマガジン

Si predstavljaš? Takole futuristično bo videt modelna e-flota Volkswagen čez dobra tri leta

<blockquote class="wp-embedded-content" data-secret="asVNvZpfQO"><a href="https://citymagazine.si/ja/この未来のフォルクスワーゲン-モデルが-3-年以内/">想像できますか？これは、フォルクスワーゲン モデルの e フリートが 3 年以内にどれほど未来的に見えるかです。</a></blockquote><iframe sandbox="allow-scripts" security="restricted" src="https://citymagazine.si/ja/この未来のフォルクスワーゲン-モデルが-3-年以内/embed/#?secret=asVNvZpfQO" width="600" height="338" title="&#8220;Si predstavljaš? Takole futuristično bo videt modelna e-flota Volkswagen čez dobra tri leta&#8221; &#8212; City Magazine" data-secret="asVNvZpfQO" frameborder="0" marginwidth="0" marginheight="0" scrolling="no" class="wp-embedded-content"></iframe><script type="text/javascript">
/* <![CDATA[ */
/*! This file is auto-generated */
!function(d,l){"use strict";l.querySelector&&d.addEventListener&&"undefined"!=typeof URL&&(d.wp=d.wp||{},d.wp.receiveEmbedMessage||(d.wp.receiveEmbedMessage=function(e){var t=e.data;if((t||t.secret||t.message||t.value)&&!/[^a-zA-Z0-9]/.test(t.secret)){for(var s,r,n,a=l.querySelectorAll('iframe[data-secret="'+t.secret+'"]'),o=l.querySelectorAll('blockquote[data-secret="'+t.secret+'"]'),c=new RegExp("^https?:$","i"),i=0;i<o.length;i++)o[i].style.display="none";for(i=0;i<a.length;i++)s=a[i],e.source===s.contentWindow&&(s.removeAttribute("style"),"height"===t.message?(1e3<(r=parseInt(t.value,10))?r=1e3:~~r<200&&(r=200),s.height=r):"link"===t.message&&(r=new URL(s.getAttribute("src")),n=new URL(t.value),c.test(n.protocol))&&n.host===r.host&&l.activeElement===s&&(d.top.location.href=t.value))}},d.addEventListener("message",d.wp.receiveEmbedMessage,!1),l.addEventListener("DOMContentLoaded",function(){for(var e,t,s=l.querySelectorAll("iframe.wp-embedded-content"),r=0;r<s.length;r++)(t=(e=s[r]).getAttribute("data-secret"))||(t=Math.random().toString(36).substring(2,12),e.src+="#?secret="+t,e.setAttribute("data-secret",t)),e.contentWindow.postMessage({message:"ready",secret:t},"*")},!1)))}(window,document);
/* ]]> */
</script>

Le redko je mogoče prihodnost videti in občutiti tako neposredno kot na mednarodnem avtomobilskem salonu (IAA) v Frankfurtu, kjer je Volkswagen po mnenju mnogih naredil ključen korak. Na trg je namreč ponudi vozilo Volkswagen ID.3, ki je cenovno tako zelo blizu običajnim vozilom z motorji na notranje izgorevanje, da zna prepričati marsikoga, ki mu je bila ideja o električnem avto le povšeči. Njegova osnovna cena bo namreč nižja od 30.000 evrov. Z različnimi spodbudami ter subvencijami pa se zna spustiti tudi nižje. V polje, kjer je električni avtomobil popolnoma logična izbira.
