{"version":"1.0","provider_name":"\u30b7\u30c6\u30a3\u30de\u30ac\u30b8\u30f3","provider_url":"https:\/\/citymagazine.si\/ja","author_name":"Enja Gruden","author_url":"https:\/\/citymagazine.si\/ja\/author\/enja-gruden\/","title":"Najlep\u0161e pla\u017ee na Hrva\u0161kem: pla\u017ee Kvarnerja za sprostitev in zabavo","type":"rich","width":600,"height":338,"html":"<blockquote class=\"wp-embedded-content\" data-secret=\"FOLYunbfFI\"><a href=\"https:\/\/citymagazine.si\/ja\/\u30af\u30ed\u30a2\u30c1\u30a2\u3067\u6700\u3082\u7f8e\u3057\u3044\u30d3\u30fc\u30c1\u3001\u30ea\u30e9\u30af\u30bc\u30fc\u30b7\u30e7\/\">\u30af\u30ed\u30a2\u30c1\u30a2\u3067\u6700\u3082\u7f8e\u3057\u3044\u30d3\u30fc\u30c1: \u30ea\u30e9\u30af\u30bc\u30fc\u30b7\u30e7\u30f3\u3068\u697d\u3057\u307f\u306e\u305f\u3081\u306e\u30af\u30f4\u30a1\u30eb\u30cd\u30eb \u30d3\u30fc\u30c1<\/a><\/blockquote><iframe sandbox=\"allow-scripts\" security=\"restricted\" src=\"https:\/\/citymagazine.si\/ja\/\u30af\u30ed\u30a2\u30c1\u30a2\u3067\u6700\u3082\u7f8e\u3057\u3044\u30d3\u30fc\u30c1\u3001\u30ea\u30e9\u30af\u30bc\u30fc\u30b7\u30e7\/embed\/#?secret=FOLYunbfFI\" width=\"600\" height=\"338\" title=\"&#8220;Najlep\u0161e pla\u017ee na Hrva\u0161kem: pla\u017ee Kvarnerja za sprostitev in zabavo&#8221; &#8212; City Magazine\" data-secret=\"FOLYunbfFI\" frameborder=\"0\" marginwidth=\"0\" marginheight=\"0\" scrolling=\"no\" class=\"wp-embedded-content\"><\/iframe><script type=\"text\/javascript\">\n\/* <![CDATA[ *\/\n\/*! This file is auto-generated *\/\n!function(d,l){\"use strict\";l.querySelector&&d.addEventListener&&\"undefined\"!=typeof URL&&(d.wp=d.wp||{},d.wp.receiveEmbedMessage||(d.wp.receiveEmbedMessage=function(e){var t=e.data;if((t||t.secret||t.message||t.value)&&!\/[^a-zA-Z0-9]\/.test(t.secret)){for(var s,r,n,a=l.querySelectorAll('iframe[data-secret=\"'+t.secret+'\"]'),o=l.querySelectorAll('blockquote[data-secret=\"'+t.secret+'\"]'),c=new RegExp(\"^https?:$\",\"i\"),i=0;i<o.length;i++)o[i].style.display=\"none\";for(i=0;i<a.length;i++)s=a[i],e.source===s.contentWindow&&(s.removeAttribute(\"style\"),\"height\"===t.message?(1e3<(r=parseInt(t.value,10))?r=1e3:~~r<200&&(r=200),s.height=r):\"link\"===t.message&&(r=new URL(s.getAttribute(\"src\")),n=new URL(t.value),c.test(n.protocol))&&n.host===r.host&&l.activeElement===s&&(d.top.location.href=t.value))}},d.addEventListener(\"message\",d.wp.receiveEmbedMessage,!1),l.addEventListener(\"DOMContentLoaded\",function(){for(var e,t,s=l.querySelectorAll(\"iframe.wp-embedded-content\"),r=0;r<s.length;r++)(t=(e=s[r]).getAttribute(\"data-secret\"))||(t=Math.random().toString(36).substring(2,12),e.src+=\"#?secret=\"+t,e.setAttribute(\"data-secret\",t)),e.contentWindow.postMessage({message:\"ready\",secret:t},\"*\")},!1)))}(window,document);\n\/* ]]> *\/\n<\/script>","thumbnail_url":"https:\/\/i0.wp.com\/citymagazine.si\/wp-content\/uploads\/2021\/05\/lubenice.jpg?fit=1600%2C900&ssl=1","thumbnail_width":1600,"thumbnail_height":900,"description":"Kvarner se nahaja v severovzhodnem delu Jadranskega morja med Istrskim polotokom in celino, v katerem le\u017eijo \u0161tevilni otoki, med katerimi so najve\u010dji Cres, Krk, Rab, Lo\u0161inj in Pag."}

シティマガジン

Najlepše plaže na Hrvaškem: plaže Kvarnerja za sprostitev in zabavo

<blockquote class="wp-embedded-content" data-secret="FOLYunbfFI"><a href="https://citymagazine.si/ja/クロアチアで最も美しいビーチ、リラクゼーショ/">クロアチアで最も美しいビーチ: リラクゼーションと楽しみのためのクヴァルネル ビーチ</a></blockquote><iframe sandbox="allow-scripts" security="restricted" src="https://citymagazine.si/ja/クロアチアで最も美しいビーチ、リラクゼーショ/embed/#?secret=FOLYunbfFI" width="600" height="338" title="&#8220;Najlepše plaže na Hrvaškem: plaže Kvarnerja za sprostitev in zabavo&#8221; &#8212; City Magazine" data-secret="FOLYunbfFI" frameborder="0" marginwidth="0" marginheight="0" scrolling="no" class="wp-embedded-content"></iframe><script type="text/javascript">
/* <![CDATA[ */
/*! This file is auto-generated */
!function(d,l){"use strict";l.querySelector&&d.addEventListener&&"undefined"!=typeof URL&&(d.wp=d.wp||{},d.wp.receiveEmbedMessage||(d.wp.receiveEmbedMessage=function(e){var t=e.data;if((t||t.secret||t.message||t.value)&&!/[^a-zA-Z0-9]/.test(t.secret)){for(var s,r,n,a=l.querySelectorAll('iframe[data-secret="'+t.secret+'"]'),o=l.querySelectorAll('blockquote[data-secret="'+t.secret+'"]'),c=new RegExp("^https?:$","i"),i=0;i<o.length;i++)o[i].style.display="none";for(i=0;i<a.length;i++)s=a[i],e.source===s.contentWindow&&(s.removeAttribute("style"),"height"===t.message?(1e3<(r=parseInt(t.value,10))?r=1e3:~~r<200&&(r=200),s.height=r):"link"===t.message&&(r=new URL(s.getAttribute("src")),n=new URL(t.value),c.test(n.protocol))&&n.host===r.host&&l.activeElement===s&&(d.top.location.href=t.value))}},d.addEventListener("message",d.wp.receiveEmbedMessage,!1),l.addEventListener("DOMContentLoaded",function(){for(var e,t,s=l.querySelectorAll("iframe.wp-embedded-content"),r=0;r<s.length;r++)(t=(e=s[r]).getAttribute("data-secret"))||(t=Math.random().toString(36).substring(2,12),e.src+="#?secret="+t,e.setAttribute("data-secret",t)),e.contentWindow.postMessage({message:"ready",secret:t},"*")},!1)))}(window,document);
/* ]]> */
</script>

Kvarner se nahaja v severovzhodnem delu Jadranskega morja med Istrskim polotokom in celino, v katerem ležijo številni otoki, med katerimi so največji Cres, Krk, Rab, Lošinj in Pag.
