{"version":"1.0","provider_name":"\u30b7\u30c6\u30a3\u30de\u30ac\u30b8\u30f3","provider_url":"https:\/\/citymagazine.si\/ja","author_name":"Tina Orter","author_url":"https:\/\/citymagazine.si\/ja\/author\/tinaorter\/","title":"Selitev rastlin z balkona: kdaj je pravi trenutek, da rastline v jeseni prestavite v notranjost doma?","type":"rich","width":600,"height":338,"html":"<blockquote class=\"wp-embedded-content\" data-secret=\"6PGH69efK7\"><a href=\"https:\/\/citymagazine.si\/ja\/\u30d0\u30eb\u30b3\u30cb\u30fc\u304b\u3089\u690d\u7269\u3092\u79fb\u52d5\u3059\u308b-\u79cb\u306b\u690d\u7269\u3092\u5bb6\u306e\u4e2d\/\">\u30d0\u30eb\u30b3\u30cb\u30fc\u304b\u3089\u690d\u7269\u3092\u79fb\u52d5\u3059\u308b: \u79cb\u306b\u690d\u7269\u3092\u5bb6\u306e\u4e2d\u306b\u79fb\u52d5\u3055\u305b\u308b\u306e\u306b\u9069\u3057\u305f\u6642\u671f\u306f\u3044\u3064\u3067\u3059\u304b?<\/a><\/blockquote><iframe sandbox=\"allow-scripts\" security=\"restricted\" src=\"https:\/\/citymagazine.si\/ja\/\u30d0\u30eb\u30b3\u30cb\u30fc\u304b\u3089\u690d\u7269\u3092\u79fb\u52d5\u3059\u308b-\u79cb\u306b\u690d\u7269\u3092\u5bb6\u306e\u4e2d\/embed\/#?secret=6PGH69efK7\" width=\"600\" height=\"338\" title=\"&#8220;Selitev rastlin z balkona: kdaj je pravi trenutek, da rastline v jeseni prestavite v notranjost doma?&#8221; &#8212; City Magazine\" data-secret=\"6PGH69efK7\" frameborder=\"0\" marginwidth=\"0\" marginheight=\"0\" scrolling=\"no\" class=\"wp-embedded-content\"><\/iframe><script type=\"text\/javascript\">\n\/* <![CDATA[ *\/\n\/*! This file is auto-generated *\/\n!function(d,l){\"use strict\";l.querySelector&&d.addEventListener&&\"undefined\"!=typeof URL&&(d.wp=d.wp||{},d.wp.receiveEmbedMessage||(d.wp.receiveEmbedMessage=function(e){var t=e.data;if((t||t.secret||t.message||t.value)&&!\/[^a-zA-Z0-9]\/.test(t.secret)){for(var s,r,n,a=l.querySelectorAll('iframe[data-secret=\"'+t.secret+'\"]'),o=l.querySelectorAll('blockquote[data-secret=\"'+t.secret+'\"]'),c=new RegExp(\"^https?:$\",\"i\"),i=0;i<o.length;i++)o[i].style.display=\"none\";for(i=0;i<a.length;i++)s=a[i],e.source===s.contentWindow&&(s.removeAttribute(\"style\"),\"height\"===t.message?(1e3<(r=parseInt(t.value,10))?r=1e3:~~r<200&&(r=200),s.height=r):\"link\"===t.message&&(r=new URL(s.getAttribute(\"src\")),n=new URL(t.value),c.test(n.protocol))&&n.host===r.host&&l.activeElement===s&&(d.top.location.href=t.value))}},d.addEventListener(\"message\",d.wp.receiveEmbedMessage,!1),l.addEventListener(\"DOMContentLoaded\",function(){for(var e,t,s=l.querySelectorAll(\"iframe.wp-embedded-content\"),r=0;r<s.length;r++)(t=(e=s[r]).getAttribute(\"data-secret\"))||(t=Math.random().toString(36).substring(2,12),e.src+=\"#?secret=\"+t,e.setAttribute(\"data-secret\",t)),e.contentWindow.postMessage({message:\"ready\",secret:t},\"*\")},!1)))}(window,document);\n\/* ]]> *\/\n<\/script>","thumbnail_url":"https:\/\/citymagazine.si\/wp-content\/uploads\/2025\/09\/hero-plants-autumn-jpg.webp","thumbnail_width":1920,"thumbnail_height":1080,"description":"Ko sonce izgubi poletni zagon, se rastline za\u010dnejo spra\u0161evati isto kot mi ob prehodu na zimski \u010das: \"Kam naj grem?\" Zunanje temperature nihajo, dnevi se kraj\u0161ajo, in \u010deprav se zdi, da se \u0161e vedno da posedeti na terasi s kavo v roki, va\u0161im zelenim sostanovalcem zadeve niso ve\u010d tako prijetne."}

シティマガジン

<blockquote class="wp-embedded-content" data-secret="6PGH69efK7"><a href="https://citymagazine.si/ja/バルコニーから植物を移動する-秋に植物を家の中/">バルコニーから植物を移動する: 秋に植物を家の中に移動させるのに適した時期はいつですか?</a></blockquote><iframe sandbox="allow-scripts" security="restricted" src="https://citymagazine.si/ja/バルコニーから植物を移動する-秋に植物を家の中/embed/#?secret=6PGH69efK7" width="600" height="338" title="&#8220;Selitev rastlin z balkona: kdaj je pravi trenutek, da rastline v jeseni prestavite v notranjost doma?&#8221; &#8212; City Magazine" data-secret="6PGH69efK7" frameborder="0" marginwidth="0" marginheight="0" scrolling="no" class="wp-embedded-content"></iframe><script type="text/javascript">
/* <![CDATA[ */
/*! This file is auto-generated */
!function(d,l){"use strict";l.querySelector&&d.addEventListener&&"undefined"!=typeof URL&&(d.wp=d.wp||{},d.wp.receiveEmbedMessage||(d.wp.receiveEmbedMessage=function(e){var t=e.data;if((t||t.secret||t.message||t.value)&&!/[^a-zA-Z0-9]/.test(t.secret)){for(var s,r,n,a=l.querySelectorAll('iframe[data-secret="'+t.secret+'"]'),o=l.querySelectorAll('blockquote[data-secret="'+t.secret+'"]'),c=new RegExp("^https?:$","i"),i=0;i<o.length;i++)o[i].style.display="none";for(i=0;i<a.length;i++)s=a[i],e.source===s.contentWindow&&(s.removeAttribute("style"),"height"===t.message?(1e3<(r=parseInt(t.value,10))?r=1e3:~~r<200&&(r=200),s.height=r):"link"===t.message&&(r=new URL(s.getAttribute("src")),n=new URL(t.value),c.test(n.protocol))&&n.host===r.host&&l.activeElement===s&&(d.top.location.href=t.value))}},d.addEventListener("message",d.wp.receiveEmbedMessage,!1),l.addEventListener("DOMContentLoaded",function(){for(var e,t,s=l.querySelectorAll("iframe.wp-embedded-content"),r=0;r<s.length;r++)(t=(e=s[r]).getAttribute("data-secret"))||(t=Math.random().toString(36).substring(2,12),e.src+="#?secret="+t,e.setAttribute("data-secret",t)),e.contentWindow.postMessage({message:"ready",secret:t},"*")},!1)))}(window,document);
/* ]]> */
</script>

Ko sonce izgubi poletni zagon, se rastline začnejo spraševati isto kot mi ob prehodu na zimski čas: "Kam naj grem?" Zunanje temperature nihajo, dnevi se krajšajo, in čeprav se zdi, da se še vedno da posedeti na terasi s kavo v roki, vašim zelenim sostanovalcem zadeve niso več tako prijetne.
