{"version":"1.0","provider_name":"\u30b7\u30c6\u30a3\u30de\u30ac\u30b8\u30f3","provider_url":"https:\/\/citymagazine.si\/ja","author_name":"Janja Prijatelj","author_url":"https:\/\/citymagazine.si\/ja\/author\/janja\/","title":"Ideje za preobrazbo balkona, terase in vrta v udoben in privla\u010den prostor","type":"rich","width":600,"height":338,"html":"<blockquote class=\"wp-embedded-content\" data-secret=\"WXNrWCyj1R\"><a href=\"https:\/\/citymagazine.si\/ja\/\u30d0\u30eb\u30b3\u30cb\u30fc\u30fb\u30c6\u30e9\u30b9\u3068\u5ead\u3092\u5feb\u9069\u3067\u9b45\u529b\u7684\u306a\u7a7a\u9593\u306b\/\">\u30d0\u30eb\u30b3\u30cb\u30fc\u3001\u30c6\u30e9\u30b9\u3001\u5ead\u3092\u5feb\u9069\u3067\u9b45\u529b\u7684\u306a\u7a7a\u9593\u306b\u5909\u3048\u308b\u30a2\u30a4\u30c7\u30a2<\/a><\/blockquote><iframe sandbox=\"allow-scripts\" security=\"restricted\" src=\"https:\/\/citymagazine.si\/ja\/\u30d0\u30eb\u30b3\u30cb\u30fc\u30fb\u30c6\u30e9\u30b9\u3068\u5ead\u3092\u5feb\u9069\u3067\u9b45\u529b\u7684\u306a\u7a7a\u9593\u306b\/embed\/#?secret=WXNrWCyj1R\" width=\"600\" height=\"338\" title=\"&#8220;Ideje za preobrazbo balkona, terase in vrta v udoben in privla\u010den prostor&#8221; &#8212; City Magazine\" data-secret=\"WXNrWCyj1R\" frameborder=\"0\" marginwidth=\"0\" marginheight=\"0\" scrolling=\"no\" class=\"wp-embedded-content\"><\/iframe><script type=\"text\/javascript\">\n\/* <![CDATA[ *\/\n\/*! This file is auto-generated *\/\n!function(d,l){\"use strict\";l.querySelector&&d.addEventListener&&\"undefined\"!=typeof URL&&(d.wp=d.wp||{},d.wp.receiveEmbedMessage||(d.wp.receiveEmbedMessage=function(e){var t=e.data;if((t||t.secret||t.message||t.value)&&!\/[^a-zA-Z0-9]\/.test(t.secret)){for(var s,r,n,a=l.querySelectorAll('iframe[data-secret=\"'+t.secret+'\"]'),o=l.querySelectorAll('blockquote[data-secret=\"'+t.secret+'\"]'),c=new RegExp(\"^https?:$\",\"i\"),i=0;i<o.length;i++)o[i].style.display=\"none\";for(i=0;i<a.length;i++)s=a[i],e.source===s.contentWindow&&(s.removeAttribute(\"style\"),\"height\"===t.message?(1e3<(r=parseInt(t.value,10))?r=1e3:~~r<200&&(r=200),s.height=r):\"link\"===t.message&&(r=new URL(s.getAttribute(\"src\")),n=new URL(t.value),c.test(n.protocol))&&n.host===r.host&&l.activeElement===s&&(d.top.location.href=t.value))}},d.addEventListener(\"message\",d.wp.receiveEmbedMessage,!1),l.addEventListener(\"DOMContentLoaded\",function(){for(var e,t,s=l.querySelectorAll(\"iframe.wp-embedded-content\"),r=0;r<s.length;r++)(t=(e=s[r]).getAttribute(\"data-secret\"))||(t=Math.random().toString(36).substring(2,12),e.src+=\"#?secret=\"+t,e.setAttribute(\"data-secret\",t)),e.contentWindow.postMessage({message:\"ready\",secret:t},\"*\")},!1)))}(window,document);\n\/* ]]> *\/\n<\/script>","thumbnail_url":"https:\/\/i0.wp.com\/citymagazine.si\/wp-content\/uploads\/2023\/05\/a-sunny-wood-decking-outdoor-space-by-a-brick-wall-furnished-b12e3e908b50ca1720d9488cb6e5e66b.jpg?fit=1600%2C900&ssl=1","thumbnail_width":1600,"thumbnail_height":900,"description":"Zunanje pohi\u0161tvo podjetja IKEA je to\u010dno to, kar poleti potrebujete za dru\u017eenje na prostem. Ob nedavnem dogodku v ljubljanskem botani\u010dnem vrtu je podjetje IKEA Slovenija predstavilo dostopne re\u0161itve in ideje za ureditev zunanjih prostorov. Strokovnjaki za opremljanje so skupaj s predstavniki medijev in znanimi obrazi, kot so Ajda Sitar, Jure in Tja\u0161a Marolt ter Vanesa Rola, razkrili trike za opremljanje majhnih balkonov, ljubkih teras in urejenih vrtov."}

シティマガジン

Ideje za preobrazbo balkona, terase in vrta v udoben in privlačen prostor

<blockquote class="wp-embedded-content" data-secret="WXNrWCyj1R"><a href="https://citymagazine.si/ja/バルコニー・テラスと庭を快適で魅力的な空間に/">バルコニー、テラス、庭を快適で魅力的な空間に変えるアイデア</a></blockquote><iframe sandbox="allow-scripts" security="restricted" src="https://citymagazine.si/ja/バルコニー・テラスと庭を快適で魅力的な空間に/embed/#?secret=WXNrWCyj1R" width="600" height="338" title="&#8220;Ideje za preobrazbo balkona, terase in vrta v udoben in privlačen prostor&#8221; &#8212; City Magazine" data-secret="WXNrWCyj1R" frameborder="0" marginwidth="0" marginheight="0" scrolling="no" class="wp-embedded-content"></iframe><script type="text/javascript">
/* <![CDATA[ */
/*! This file is auto-generated */
!function(d,l){"use strict";l.querySelector&&d.addEventListener&&"undefined"!=typeof URL&&(d.wp=d.wp||{},d.wp.receiveEmbedMessage||(d.wp.receiveEmbedMessage=function(e){var t=e.data;if((t||t.secret||t.message||t.value)&&!/[^a-zA-Z0-9]/.test(t.secret)){for(var s,r,n,a=l.querySelectorAll('iframe[data-secret="'+t.secret+'"]'),o=l.querySelectorAll('blockquote[data-secret="'+t.secret+'"]'),c=new RegExp("^https?:$","i"),i=0;i<o.length;i++)o[i].style.display="none";for(i=0;i<a.length;i++)s=a[i],e.source===s.contentWindow&&(s.removeAttribute("style"),"height"===t.message?(1e3<(r=parseInt(t.value,10))?r=1e3:~~r<200&&(r=200),s.height=r):"link"===t.message&&(r=new URL(s.getAttribute("src")),n=new URL(t.value),c.test(n.protocol))&&n.host===r.host&&l.activeElement===s&&(d.top.location.href=t.value))}},d.addEventListener("message",d.wp.receiveEmbedMessage,!1),l.addEventListener("DOMContentLoaded",function(){for(var e,t,s=l.querySelectorAll("iframe.wp-embedded-content"),r=0;r<s.length;r++)(t=(e=s[r]).getAttribute("data-secret"))||(t=Math.random().toString(36).substring(2,12),e.src+="#?secret="+t,e.setAttribute("data-secret",t)),e.contentWindow.postMessage({message:"ready",secret:t},"*")},!1)))}(window,document);
/* ]]> */
</script>

Zunanje pohištvo podjetja IKEA je točno to, kar poleti potrebujete za druženje na prostem. Ob nedavnem dogodku v ljubljanskem botaničnem vrtu je podjetje IKEA Slovenija predstavilo dostopne rešitve in ideje za ureditev zunanjih prostorov. Strokovnjaki za opremljanje so skupaj s predstavniki medijev in znanimi obrazi, kot so Ajda Sitar, Jure in Tjaša Marolt ter Vanesa Rola, razkrili trike za opremljanje majhnih balkonov, ljubkih teras in urejenih vrtov.
