{"version":"1.0","provider_name":"\u30b7\u30c6\u30a3\u30de\u30ac\u30b8\u30f3","provider_url":"https:\/\/citymagazine.si\/ja","author_name":"Ajda \u0160ubelj","author_url":"https:\/\/citymagazine.si\/ja\/author\/ajdasubelj\/","title":"V \u010dem so posamezne evropske dr\u017eave najslab\u0161e: med njimi je tudi Slovenija","type":"rich","width":600,"height":338,"html":"<blockquote class=\"wp-embedded-content\" data-secret=\"B9pLXVPt3A\"><a href=\"https:\/\/citymagazine.si\/ja\/\u30e8\u30fc\u30ed\u30c3\u30d1\u306e\u3069\u306e\u56fd\u304c\u6700\u60aa\u304b\u3068\u3044\u3046\u3068\u3001\u30b9\u30ed\u30d9\u30cb\/\">\u6b27\u5dde\u8af8\u56fd\u306e\u4e2d\u3067\u6700\u3082\u6700\u60aa\u306a\u306e\u306f\u3069\u3053\u3067\u3059\u304b: \u30b9\u30ed\u30d9\u30cb\u30a2\u3082\u305d\u306e\u4e00\u3064\u3067\u3059<\/a><\/blockquote><iframe sandbox=\"allow-scripts\" security=\"restricted\" src=\"https:\/\/citymagazine.si\/ja\/\u30e8\u30fc\u30ed\u30c3\u30d1\u306e\u3069\u306e\u56fd\u304c\u6700\u60aa\u304b\u3068\u3044\u3046\u3068\u3001\u30b9\u30ed\u30d9\u30cb\/embed\/#?secret=B9pLXVPt3A\" width=\"600\" height=\"338\" title=\"&#8220;V \u010dem so posamezne evropske dr\u017eave najslab\u0161e: med njimi je tudi Slovenija&#8221; &#8212; City Magazine\" data-secret=\"B9pLXVPt3A\" frameborder=\"0\" marginwidth=\"0\" marginheight=\"0\" scrolling=\"no\" class=\"wp-embedded-content\"><\/iframe><script type=\"text\/javascript\">\n\/* <![CDATA[ *\/\n\/*! This file is auto-generated *\/\n!function(d,l){\"use strict\";l.querySelector&&d.addEventListener&&\"undefined\"!=typeof URL&&(d.wp=d.wp||{},d.wp.receiveEmbedMessage||(d.wp.receiveEmbedMessage=function(e){var t=e.data;if((t||t.secret||t.message||t.value)&&!\/[^a-zA-Z0-9]\/.test(t.secret)){for(var s,r,n,a=l.querySelectorAll('iframe[data-secret=\"'+t.secret+'\"]'),o=l.querySelectorAll('blockquote[data-secret=\"'+t.secret+'\"]'),c=new RegExp(\"^https?:$\",\"i\"),i=0;i<o.length;i++)o[i].style.display=\"none\";for(i=0;i<a.length;i++)s=a[i],e.source===s.contentWindow&&(s.removeAttribute(\"style\"),\"height\"===t.message?(1e3<(r=parseInt(t.value,10))?r=1e3:~~r<200&&(r=200),s.height=r):\"link\"===t.message&&(r=new URL(s.getAttribute(\"src\")),n=new URL(t.value),c.test(n.protocol))&&n.host===r.host&&l.activeElement===s&&(d.top.location.href=t.value))}},d.addEventListener(\"message\",d.wp.receiveEmbedMessage,!1),l.addEventListener(\"DOMContentLoaded\",function(){for(var e,t,s=l.querySelectorAll(\"iframe.wp-embedded-content\"),r=0;r<s.length;r++)(t=(e=s[r]).getAttribute(\"data-secret\"))||(t=Math.random().toString(36).substring(2,12),e.src+=\"#?secret=\"+t,e.setAttribute(\"data-secret\",t)),e.contentWindow.postMessage({message:\"ready\",secret:t},\"*\")},!1)))}(window,document);\n\/* ]]> *\/\n<\/script>","thumbnail_url":"https:\/\/i0.wp.com\/citymagazine.si\/wp-content\/uploads\/2014\/11\/tmg-slideshow_xl3.jpg?fit=2000%2C1356&ssl=1","thumbnail_width":2000,"thumbnail_height":1356,"description":"Vsaka evropska dr\u017eava je brez dvoma svojevrsten biser, ki tujce vedno znova preseneti, toda tako kot ljudje, tudi nobena dr\u017eava ni popolna. Prav vsaka je v ne\u010dem najslab\u0161a - vsaj glede na statisti\u010dne podatke, ki ka\u017eejo slabosti posameznih \u010dlanic Evropske unije. In v \u010dem je najslab\u0161a Slovenija?"}

シティマガジン

Ajda Šubelj

V čem so posamezne evropske države najslabše: med njimi je tudi Slovenija

<blockquote class="wp-embedded-content" data-secret="B9pLXVPt3A"><a href="https://citymagazine.si/ja/ヨーロッパのどの国が最悪かというと、スロベニ/">欧州諸国の中で最も最悪なのはどこですか: スロベニアもその一つです</a></blockquote><iframe sandbox="allow-scripts" security="restricted" src="https://citymagazine.si/ja/ヨーロッパのどの国が最悪かというと、スロベニ/embed/#?secret=B9pLXVPt3A" width="600" height="338" title="&#8220;V čem so posamezne evropske države najslabše: med njimi je tudi Slovenija&#8221; &#8212; City Magazine" data-secret="B9pLXVPt3A" frameborder="0" marginwidth="0" marginheight="0" scrolling="no" class="wp-embedded-content"></iframe><script type="text/javascript">
/* <![CDATA[ */
/*! This file is auto-generated */
!function(d,l){"use strict";l.querySelector&&d.addEventListener&&"undefined"!=typeof URL&&(d.wp=d.wp||{},d.wp.receiveEmbedMessage||(d.wp.receiveEmbedMessage=function(e){var t=e.data;if((t||t.secret||t.message||t.value)&&!/[^a-zA-Z0-9]/.test(t.secret)){for(var s,r,n,a=l.querySelectorAll('iframe[data-secret="'+t.secret+'"]'),o=l.querySelectorAll('blockquote[data-secret="'+t.secret+'"]'),c=new RegExp("^https?:$","i"),i=0;i<o.length;i++)o[i].style.display="none";for(i=0;i<a.length;i++)s=a[i],e.source===s.contentWindow&&(s.removeAttribute("style"),"height"===t.message?(1e3<(r=parseInt(t.value,10))?r=1e3:~~r<200&&(r=200),s.height=r):"link"===t.message&&(r=new URL(s.getAttribute("src")),n=new URL(t.value),c.test(n.protocol))&&n.host===r.host&&l.activeElement===s&&(d.top.location.href=t.value))}},d.addEventListener("message",d.wp.receiveEmbedMessage,!1),l.addEventListener("DOMContentLoaded",function(){for(var e,t,s=l.querySelectorAll("iframe.wp-embedded-content"),r=0;r<s.length;r++)(t=(e=s[r]).getAttribute("data-secret"))||(t=Math.random().toString(36).substring(2,12),e.src+="#?secret="+t,e.setAttribute("data-secret",t)),e.contentWindow.postMessage({message:"ready",secret:t},"*")},!1)))}(window,document);
/* ]]> */
</script>

Vsaka evropska država je brez dvoma svojevrsten biser, ki tujce vedno znova preseneti, toda tako kot ljudje, tudi nobena država ni popolna. Prav vsaka je v nečem najslabša - vsaj glede na statistične podatke, ki kažejo slabosti posameznih članic Evropske unije. In v čem je najslabša Slovenija?
