{"version":"1.0","provider_name":"\u30b7\u30c6\u30a3\u30de\u30ac\u30b8\u30f3","provider_url":"https:\/\/citymagazine.si\/ja","author_name":"Jan Macarol","author_url":"https:\/\/citymagazine.si\/ja\/author\/jan\/","title":"To so 4 lastnosti novega 2025 - iPhone 17 Pro , zaradi katerega smo prepri\u010dani, da ga bo\u0161 naro\u010dil septembra 2025","type":"rich","width":600,"height":338,"html":"<blockquote class=\"wp-embedded-content\" data-secret=\"hLUoKghXtp\"><a href=\"https:\/\/citymagazine.si\/ja\/2025\u5e749\u6708\u306b\u6ce8\u6587\u3057\u3066\u9593\u9055\u3044\u306a\u3044\u3068\u601d\u308f\u308c\u308b\u30012025\u5e74\u65b0\u578bip\/\">2025\u5e749\u6708\u306b\u6ce8\u6587\u3059\u308b\u3053\u3068\u9593\u9055\u3044\u306a\u3057\u306e\u65b0\u578biPhone 17 Pro\u306e4\u3064\u306e\u7279\u5fb4<\/a><\/blockquote><iframe sandbox=\"allow-scripts\" security=\"restricted\" src=\"https:\/\/citymagazine.si\/ja\/2025\u5e749\u6708\u306b\u6ce8\u6587\u3057\u3066\u9593\u9055\u3044\u306a\u3044\u3068\u601d\u308f\u308c\u308b\u30012025\u5e74\u65b0\u578bip\/embed\/#?secret=hLUoKghXtp\" width=\"600\" height=\"338\" title=\"&#8220;To so 4 lastnosti novega 2025 &#8211; iPhone 17 Pro , zaradi katerega smo prepri\u010dani, da ga bo\u0161 naro\u010dil septembra 2025&#8221; &#8212; City Magazine\" data-secret=\"hLUoKghXtp\" frameborder=\"0\" marginwidth=\"0\" marginheight=\"0\" scrolling=\"no\" class=\"wp-embedded-content\"><\/iframe><script type=\"text\/javascript\">\n\/* <![CDATA[ *\/\n\/*! This file is auto-generated *\/\n!function(d,l){\"use strict\";l.querySelector&&d.addEventListener&&\"undefined\"!=typeof URL&&(d.wp=d.wp||{},d.wp.receiveEmbedMessage||(d.wp.receiveEmbedMessage=function(e){var t=e.data;if((t||t.secret||t.message||t.value)&&!\/[^a-zA-Z0-9]\/.test(t.secret)){for(var s,r,n,a=l.querySelectorAll('iframe[data-secret=\"'+t.secret+'\"]'),o=l.querySelectorAll('blockquote[data-secret=\"'+t.secret+'\"]'),c=new RegExp(\"^https?:$\",\"i\"),i=0;i<o.length;i++)o[i].style.display=\"none\";for(i=0;i<a.length;i++)s=a[i],e.source===s.contentWindow&&(s.removeAttribute(\"style\"),\"height\"===t.message?(1e3<(r=parseInt(t.value,10))?r=1e3:~~r<200&&(r=200),s.height=r):\"link\"===t.message&&(r=new URL(s.getAttribute(\"src\")),n=new URL(t.value),c.test(n.protocol))&&n.host===r.host&&l.activeElement===s&&(d.top.location.href=t.value))}},d.addEventListener(\"message\",d.wp.receiveEmbedMessage,!1),l.addEventListener(\"DOMContentLoaded\",function(){for(var e,t,s=l.querySelectorAll(\"iframe.wp-embedded-content\"),r=0;r<s.length;r++)(t=(e=s[r]).getAttribute(\"data-secret\"))||(t=Math.random().toString(36).substring(2,12),e.src+=\"#?secret=\"+t,e.setAttribute(\"data-secret\",t)),e.contentWindow.postMessage({message:\"ready\",secret:t},\"*\")},!1)))}(window,document);\n\/* ]]> *\/\n<\/script>","thumbnail_url":"https:\/\/citymagazine.si\/wp-content\/uploads\/2025\/06\/hero-iphone17-2025-0-jpg.webp","thumbnail_width":4167,"thumbnail_height":2777,"description":"\u010ce ste mislili, da ste na Keynote pripravljeni vedno bolj\u0161e, se pripravite na nov nivo. 2025 - iPhone 17 Pro in Pro Max naj bi septembra 2025 prinesla preobrat: manj presti\u017enega titana, ve\u010d legendardnega aluminija in kamere, ki obljubljajo \u201cfilmsko\u201d izku\u0161njo \u2013 vsaj na papirju. To so 4 lastnosti novega iPhone 17 Pro, zaradi katerega ga bo\u0161 vsekakor naro\u010dil septembra 2025. V nadaljevanju raz\u010dlenjujemo, kaj je verjetno, kaj malo manj verjetno in kje nas Apple verjetno zgolj preizku\u0161a z marketin\u0161kimi \u201cspoileri\u201d."}

シティマガジン

To so 4 lastnosti novega 2025 - iPhone 17 Pro , zaradi katerega smo prepričani, da ga boš naročil septembra 2025

<blockquote class="wp-embedded-content" data-secret="hLUoKghXtp"><a href="https://citymagazine.si/ja/2025年9月に注文して間違いないと思われる、2025年新型ip/">2025年9月に注文すること間違いなしの新型iPhone 17 Proの4つの特徴</a></blockquote><iframe sandbox="allow-scripts" security="restricted" src="https://citymagazine.si/ja/2025年9月に注文して間違いないと思われる、2025年新型ip/embed/#?secret=hLUoKghXtp" width="600" height="338" title="&#8220;To so 4 lastnosti novega 2025 &#8211; iPhone 17 Pro , zaradi katerega smo prepričani, da ga boš naročil septembra 2025&#8221; &#8212; City Magazine" data-secret="hLUoKghXtp" frameborder="0" marginwidth="0" marginheight="0" scrolling="no" class="wp-embedded-content"></iframe><script type="text/javascript">
/* <![CDATA[ */
/*! This file is auto-generated */
!function(d,l){"use strict";l.querySelector&&d.addEventListener&&"undefined"!=typeof URL&&(d.wp=d.wp||{},d.wp.receiveEmbedMessage||(d.wp.receiveEmbedMessage=function(e){var t=e.data;if((t||t.secret||t.message||t.value)&&!/[^a-zA-Z0-9]/.test(t.secret)){for(var s,r,n,a=l.querySelectorAll('iframe[data-secret="'+t.secret+'"]'),o=l.querySelectorAll('blockquote[data-secret="'+t.secret+'"]'),c=new RegExp("^https?:$","i"),i=0;i<o.length;i++)o[i].style.display="none";for(i=0;i<a.length;i++)s=a[i],e.source===s.contentWindow&&(s.removeAttribute("style"),"height"===t.message?(1e3<(r=parseInt(t.value,10))?r=1e3:~~r<200&&(r=200),s.height=r):"link"===t.message&&(r=new URL(s.getAttribute("src")),n=new URL(t.value),c.test(n.protocol))&&n.host===r.host&&l.activeElement===s&&(d.top.location.href=t.value))}},d.addEventListener("message",d.wp.receiveEmbedMessage,!1),l.addEventListener("DOMContentLoaded",function(){for(var e,t,s=l.querySelectorAll("iframe.wp-embedded-content"),r=0;r<s.length;r++)(t=(e=s[r]).getAttribute("data-secret"))||(t=Math.random().toString(36).substring(2,12),e.src+="#?secret="+t,e.setAttribute("data-secret",t)),e.contentWindow.postMessage({message:"ready",secret:t},"*")},!1)))}(window,document);
/* ]]> */
</script>

Če ste mislili, da ste na Keynote pripravljeni vedno boljše, se pripravite na nov nivo. 2025 - iPhone 17 Pro in Pro Max naj bi septembra 2025 prinesla preobrat: manj prestižnega titana, več legendardnega aluminija in kamere, ki obljubljajo “filmsko” izkušnjo – vsaj na papirju. To so 4 lastnosti novega iPhone 17 Pro, zaradi katerega ga boš vsekakor naročil septembra 2025. V nadaljevanju razčlenjujemo, kaj je verjetno, kaj malo manj verjetno in kje nas Apple verjetno zgolj preizkuša z marketinškimi “spoileri”.
