{"version":"1.0","provider_name":"\u30b7\u30c6\u30a3\u30de\u30ac\u30b8\u30f3","provider_url":"https:\/\/citymagazine.si\/ja","author_name":"Jan Macarol","author_url":"https:\/\/citymagazine.si\/ja\/author\/jan\/","title":"BMW i3: Elektri\u010dni pionir, ki je spremenil igro - je \u0161e vedno najbolj\u0161i elektri\u010dni BMW","type":"rich","width":600,"height":338,"html":"<blockquote class=\"wp-embedded-content\" data-secret=\"sZiafM4Kkr\"><a href=\"https:\/\/citymagazine.si\/ja\/bmw-i3-\u96fb\u52d5\u306e\u30b2\u30fc\u30e0\u3092\u5909\u3048\u305f\u30d1\u30a4\u30aa\u30cb\u30a2\u306f\u5e38\u306b\u6700\u9ad8\u306e\/\">BMW i3: \u72b6\u6cc1\u3092\u5909\u3048\u305f\u96fb\u52d5\u306e\u30d1\u30a4\u30aa\u30cb\u30a2 \u2013 \u4eca\u3067\u3082\u6700\u9ad8\u306e\u96fb\u52d5 BMW<\/a><\/blockquote><iframe sandbox=\"allow-scripts\" security=\"restricted\" src=\"https:\/\/citymagazine.si\/ja\/bmw-i3-\u96fb\u52d5\u306e\u30b2\u30fc\u30e0\u3092\u5909\u3048\u305f\u30d1\u30a4\u30aa\u30cb\u30a2\u306f\u5e38\u306b\u6700\u9ad8\u306e\/embed\/#?secret=sZiafM4Kkr\" width=\"600\" height=\"338\" title=\"&#8220;BMW i3: Elektri\u010dni pionir, ki je spremenil igro &#8211; je \u0161e vedno najbolj\u0161i elektri\u010dni BMW&#8221; &#8212; City Magazine\" data-secret=\"sZiafM4Kkr\" frameborder=\"0\" marginwidth=\"0\" marginheight=\"0\" scrolling=\"no\" class=\"wp-embedded-content\"><\/iframe><script type=\"text\/javascript\">\n\/* <![CDATA[ *\/\n\/*! This file is auto-generated *\/\n!function(d,l){\"use strict\";l.querySelector&&d.addEventListener&&\"undefined\"!=typeof URL&&(d.wp=d.wp||{},d.wp.receiveEmbedMessage||(d.wp.receiveEmbedMessage=function(e){var t=e.data;if((t||t.secret||t.message||t.value)&&!\/[^a-zA-Z0-9]\/.test(t.secret)){for(var s,r,n,a=l.querySelectorAll('iframe[data-secret=\"'+t.secret+'\"]'),o=l.querySelectorAll('blockquote[data-secret=\"'+t.secret+'\"]'),c=new RegExp(\"^https?:$\",\"i\"),i=0;i<o.length;i++)o[i].style.display=\"none\";for(i=0;i<a.length;i++)s=a[i],e.source===s.contentWindow&&(s.removeAttribute(\"style\"),\"height\"===t.message?(1e3<(r=parseInt(t.value,10))?r=1e3:~~r<200&&(r=200),s.height=r):\"link\"===t.message&&(r=new URL(s.getAttribute(\"src\")),n=new URL(t.value),c.test(n.protocol))&&n.host===r.host&&l.activeElement===s&&(d.top.location.href=t.value))}},d.addEventListener(\"message\",d.wp.receiveEmbedMessage,!1),l.addEventListener(\"DOMContentLoaded\",function(){for(var e,t,s=l.querySelectorAll(\"iframe.wp-embedded-content\"),r=0;r<s.length;r++)(t=(e=s[r]).getAttribute(\"data-secret\"))||(t=Math.random().toString(36).substring(2,12),e.src+=\"#?secret=\"+t,e.setAttribute(\"data-secret\",t)),e.contentWindow.postMessage({message:\"ready\",secret:t},\"*\")},!1)))}(window,document);\n\/* ]]> *\/\n<\/script>","thumbnail_url":"https:\/\/citymagazine.si\/wp-content\/uploads\/2024\/07\/P90379387_highRes_bmw-i3-customer-deli-jpg.webp","thumbnail_width":2480,"thumbnail_height":1859,"description":"BMW i3 je bil ve\u010d kot le avto. Bil je pionir, ki je napovedoval prihodnost elektri\u010dne mobilnosti. Toda ali bi z ve\u010djo baterijo \u0161e danes kraljeval na cestah?"}

シティマガジン

BMW i3: Električni pionir, ki je spremenil igro - je še vedno najboljši električni BMW

<blockquote class="wp-embedded-content" data-secret="sZiafM4Kkr"><a href="https://citymagazine.si/ja/bmw-i3-電動のゲームを変えたパイオニアは常に最高の/">BMW i3: 状況を変えた電動のパイオニア – 今でも最高の電動 BMW</a></blockquote><iframe sandbox="allow-scripts" security="restricted" src="https://citymagazine.si/ja/bmw-i3-電動のゲームを変えたパイオニアは常に最高の/embed/#?secret=sZiafM4Kkr" width="600" height="338" title="&#8220;BMW i3: Električni pionir, ki je spremenil igro &#8211; je še vedno najboljši električni BMW&#8221; &#8212; City Magazine" data-secret="sZiafM4Kkr" frameborder="0" marginwidth="0" marginheight="0" scrolling="no" class="wp-embedded-content"></iframe><script type="text/javascript">
/* <![CDATA[ */
/*! This file is auto-generated */
!function(d,l){"use strict";l.querySelector&&d.addEventListener&&"undefined"!=typeof URL&&(d.wp=d.wp||{},d.wp.receiveEmbedMessage||(d.wp.receiveEmbedMessage=function(e){var t=e.data;if((t||t.secret||t.message||t.value)&&!/[^a-zA-Z0-9]/.test(t.secret)){for(var s,r,n,a=l.querySelectorAll('iframe[data-secret="'+t.secret+'"]'),o=l.querySelectorAll('blockquote[data-secret="'+t.secret+'"]'),c=new RegExp("^https?:$","i"),i=0;i<o.length;i++)o[i].style.display="none";for(i=0;i<a.length;i++)s=a[i],e.source===s.contentWindow&&(s.removeAttribute("style"),"height"===t.message?(1e3<(r=parseInt(t.value,10))?r=1e3:~~r<200&&(r=200),s.height=r):"link"===t.message&&(r=new URL(s.getAttribute("src")),n=new URL(t.value),c.test(n.protocol))&&n.host===r.host&&l.activeElement===s&&(d.top.location.href=t.value))}},d.addEventListener("message",d.wp.receiveEmbedMessage,!1),l.addEventListener("DOMContentLoaded",function(){for(var e,t,s=l.querySelectorAll("iframe.wp-embedded-content"),r=0;r<s.length;r++)(t=(e=s[r]).getAttribute("data-secret"))||(t=Math.random().toString(36).substring(2,12),e.src+="#?secret="+t,e.setAttribute("data-secret",t)),e.contentWindow.postMessage({message:"ready",secret:t},"*")},!1)))}(window,document);
/* ]]> */
</script>

BMW i3 je bil več kot le avto. Bil je pionir, ki je napovedoval prihodnost električne mobilnosti. Toda ali bi z večjo baterijo še danes kraljeval na cestah?
