{"version":"1.0","provider_name":"City Magazine","provider_url":"https:\/\/citymagazine.si\/nb","author_name":"Nika Arsovski","author_url":"https:\/\/citymagazine.si\/nb\/author\/nikaa\/","title":"Majorka: otok u\u017eitka v Balearskem morju","type":"rich","width":600,"height":338,"html":"<blockquote class=\"wp-embedded-content\" data-secret=\"dqFIr7zR1E\"><a href=\"https:\/\/citymagazine.si\/nb\/mallorca-oy-glede-i-balearene-havet\/\">Mallorca: nytelsens \u00f8y i Balearene<\/a><\/blockquote><iframe sandbox=\"allow-scripts\" security=\"restricted\" src=\"https:\/\/citymagazine.si\/nb\/mallorca-oy-glede-i-balearene-havet\/embed\/#?secret=dqFIr7zR1E\" width=\"600\" height=\"338\" title=\"&laquo;Majorka: otok u\u017eitka v Balearskem morju&raquo; &#8212; City Magazine\" data-secret=\"dqFIr7zR1E\" frameborder=\"0\" marginwidth=\"0\" marginheight=\"0\" scrolling=\"no\" class=\"wp-embedded-content\"><\/iframe><script type=\"text\/javascript\">\n\/* <![CDATA[ *\/\n\/*! This file is auto-generated *\/\n!function(d,l){\"use strict\";l.querySelector&&d.addEventListener&&\"undefined\"!=typeof URL&&(d.wp=d.wp||{},d.wp.receiveEmbedMessage||(d.wp.receiveEmbedMessage=function(e){var t=e.data;if((t||t.secret||t.message||t.value)&&!\/[^a-zA-Z0-9]\/.test(t.secret)){for(var s,r,n,a=l.querySelectorAll('iframe[data-secret=\"'+t.secret+'\"]'),o=l.querySelectorAll('blockquote[data-secret=\"'+t.secret+'\"]'),c=new RegExp(\"^https?:$\",\"i\"),i=0;i<o.length;i++)o[i].style.display=\"none\";for(i=0;i<a.length;i++)s=a[i],e.source===s.contentWindow&&(s.removeAttribute(\"style\"),\"height\"===t.message?(1e3<(r=parseInt(t.value,10))?r=1e3:~~r<200&&(r=200),s.height=r):\"link\"===t.message&&(r=new URL(s.getAttribute(\"src\")),n=new URL(t.value),c.test(n.protocol))&&n.host===r.host&&l.activeElement===s&&(d.top.location.href=t.value))}},d.addEventListener(\"message\",d.wp.receiveEmbedMessage,!1),l.addEventListener(\"DOMContentLoaded\",function(){for(var e,t,s=l.querySelectorAll(\"iframe.wp-embedded-content\"),r=0;r<s.length;r++)(t=(e=s[r]).getAttribute(\"data-secret\"))||(t=Math.random().toString(36).substring(2,12),e.src+=\"#?secret=\"+t,e.setAttribute(\"data-secret\",t)),e.contentWindow.postMessage({message:\"ready\",secret:t},\"*\")},!1)))}(window,document);\n\/* ]]> *\/\n<\/script>","thumbnail_url":"https:\/\/citymagazine.si\/wp-content\/uploads\/2021\/12\/majorca-es-trenc-ses-arenes-beach-in-balearic-isla-2021-12-09-13-59-30-utc-900x600.jpg","thumbnail_width":900,"thumbnail_height":600,"description":"Majorka ni privla\u010dna le v poletnih mesecih, ko pla\u017ee napolnijo sonca in barve \u017eeljni turisti. Ta Balearski biser je namre\u010d odli\u010dna izbira skozi vse leto, saj se lahko pohvali s slikovitimi mesteci in \u010dudovito naravo, ki privablja pohodnike ter gorske kolesarje."}

Majorka: otok užitka v Balearskem morju

<blockquote class="wp-embedded-content" data-secret="dqFIr7zR1E"><a href="https://citymagazine.si/nb/mallorca-oy-glede-i-balearene-havet/">Mallorca: nytelsens øy i Balearene</a></blockquote><iframe sandbox="allow-scripts" security="restricted" src="https://citymagazine.si/nb/mallorca-oy-glede-i-balearene-havet/embed/#?secret=dqFIr7zR1E" width="600" height="338" title="&laquo;Majorka: otok užitka v Balearskem morju&raquo; &#8212; City Magazine" data-secret="dqFIr7zR1E" frameborder="0" marginwidth="0" marginheight="0" scrolling="no" class="wp-embedded-content"></iframe><script type="text/javascript">
/* <![CDATA[ */
/*! This file is auto-generated */
!function(d,l){"use strict";l.querySelector&&d.addEventListener&&"undefined"!=typeof URL&&(d.wp=d.wp||{},d.wp.receiveEmbedMessage||(d.wp.receiveEmbedMessage=function(e){var t=e.data;if((t||t.secret||t.message||t.value)&&!/[^a-zA-Z0-9]/.test(t.secret)){for(var s,r,n,a=l.querySelectorAll('iframe[data-secret="'+t.secret+'"]'),o=l.querySelectorAll('blockquote[data-secret="'+t.secret+'"]'),c=new RegExp("^https?:$","i"),i=0;i<o.length;i++)o[i].style.display="none";for(i=0;i<a.length;i++)s=a[i],e.source===s.contentWindow&&(s.removeAttribute("style"),"height"===t.message?(1e3<(r=parseInt(t.value,10))?r=1e3:~~r<200&&(r=200),s.height=r):"link"===t.message&&(r=new URL(s.getAttribute("src")),n=new URL(t.value),c.test(n.protocol))&&n.host===r.host&&l.activeElement===s&&(d.top.location.href=t.value))}},d.addEventListener("message",d.wp.receiveEmbedMessage,!1),l.addEventListener("DOMContentLoaded",function(){for(var e,t,s=l.querySelectorAll("iframe.wp-embedded-content"),r=0;r<s.length;r++)(t=(e=s[r]).getAttribute("data-secret"))||(t=Math.random().toString(36).substring(2,12),e.src+="#?secret="+t,e.setAttribute("data-secret",t)),e.contentWindow.postMessage({message:"ready",secret:t},"*")},!1)))}(window,document);
/* ]]> */
</script>

Majorka ni privlačna le v poletnih mesecih, ko plaže napolnijo sonca in barve željni turisti. Ta Balearski biser je namreč odlična izbira skozi vse leto, saj se lahko pohvali s slikovitimi mesteci in čudovito naravo, ki privablja pohodnike ter gorske kolesarje.
