{"version":"1.0","provider_name":"Magazyn miejski","provider_url":"https:\/\/citymagazine.si\/pl","author_name":"Ajda \u0160ubelj","author_url":"https:\/\/citymagazine.si\/pl\/author\/ajdasubelj\/","title":"Poletna Animateka","type":"rich","width":600,"height":338,"html":"<blockquote class=\"wp-embedded-content\" data-secret=\"5xmsel275s\"><a href=\"https:\/\/citymagazine.si\/pl\/letnia-biblioteka-animacji\/\">Letnia Animateka<\/a><\/blockquote><iframe sandbox=\"allow-scripts\" security=\"restricted\" src=\"https:\/\/citymagazine.si\/pl\/letnia-biblioteka-animacji\/embed\/#?secret=5xmsel275s\" width=\"600\" height=\"338\" title=\"&#8222;Poletna Animateka&#8221; &#8212; City Magazine\" data-secret=\"5xmsel275s\" frameborder=\"0\" marginwidth=\"0\" marginheight=\"0\" scrolling=\"no\" class=\"wp-embedded-content\"><\/iframe><script type=\"text\/javascript\">\n\/* <![CDATA[ *\/\n\/*! This file is auto-generated *\/\n!function(d,l){\"use strict\";l.querySelector&&d.addEventListener&&\"undefined\"!=typeof URL&&(d.wp=d.wp||{},d.wp.receiveEmbedMessage||(d.wp.receiveEmbedMessage=function(e){var t=e.data;if((t||t.secret||t.message||t.value)&&!\/[^a-zA-Z0-9]\/.test(t.secret)){for(var s,r,n,a=l.querySelectorAll('iframe[data-secret=\"'+t.secret+'\"]'),o=l.querySelectorAll('blockquote[data-secret=\"'+t.secret+'\"]'),c=new RegExp(\"^https?:$\",\"i\"),i=0;i<o.length;i++)o[i].style.display=\"none\";for(i=0;i<a.length;i++)s=a[i],e.source===s.contentWindow&&(s.removeAttribute(\"style\"),\"height\"===t.message?(1e3<(r=parseInt(t.value,10))?r=1e3:~~r<200&&(r=200),s.height=r):\"link\"===t.message&&(r=new URL(s.getAttribute(\"src\")),n=new URL(t.value),c.test(n.protocol))&&n.host===r.host&&l.activeElement===s&&(d.top.location.href=t.value))}},d.addEventListener(\"message\",d.wp.receiveEmbedMessage,!1),l.addEventListener(\"DOMContentLoaded\",function(){for(var e,t,s=l.querySelectorAll(\"iframe.wp-embedded-content\"),r=0;r<s.length;r++)(t=(e=s[r]).getAttribute(\"data-secret\"))||(t=Math.random().toString(36).substring(2,12),e.src+=\"#?secret=\"+t,e.setAttribute(\"data-secret\",t)),e.contentWindow.postMessage({message:\"ready\",secret:t},\"*\")},!1)))}(window,document);\n\/* ]]> *\/\n<\/script>","thumbnail_url":"https:\/\/i0.wp.com\/citymagazine.si\/wp-content\/uploads\/2015\/06\/kells.jpg?fit=1400%2C930&ssl=1","thumbnail_width":1400,"thumbnail_height":930,"description":"Ljubitelji Animateke, ki v animiranih filmih ponavadi u\u017eivamo decembra, smo letos pri\u0161li na svoj ra\u010dun tudi poleti. Med 5. in 11. avgustom bo potekala prva poletna razli\u010dica Animateke, na kateri bodo vsi dogodki potekali brezpla\u010dno."}

Ajda Šubelj

Ljubitelji Animateke, ki v animiranih filmih ponavadi uživamo decembra, smo letos prišli na svoj račun tudi poleti. Med 5. in 11. avgustom bo potekala prva poletna različica Animateke, na kateri bodo vsi dogodki potekali brezplačno.
