{"version":"1.0","provider_name":"Magaz\u00edn mesta","provider_url":"https:\/\/citymagazine.si\/sk","author_name":"Jan Macarol","author_url":"https:\/\/citymagazine.si\/sk\/author\/jan\/","title":"BMW M2 2025: poezija posebnosti z ro\u010dnim menjalnikom","type":"rich","width":600,"height":338,"html":"<blockquote class=\"wp-embedded-content\" data-secret=\"Yvh39khp3h\"><a href=\"https:\/\/citymagazine.si\/sk\/bmw-m2-2025-poezia-specialy-s-manualnou-prevodovkou\/\">BMW M2 2025: po\u00e9zia \u0161peci\u00e1lnych funkci\u00ed s manu\u00e1lnou prevodovkou<\/a><\/blockquote><iframe sandbox=\"allow-scripts\" security=\"restricted\" src=\"https:\/\/citymagazine.si\/sk\/bmw-m2-2025-poezia-specialy-s-manualnou-prevodovkou\/embed\/#?secret=Yvh39khp3h\" width=\"600\" height=\"338\" title=\"&#8220;BMW M2 2025: poezija posebnosti z ro\u010dnim menjalnikom&#8221; &#8212; City Magazine\" data-secret=\"Yvh39khp3h\" frameborder=\"0\" marginwidth=\"0\" marginheight=\"0\" scrolling=\"no\" class=\"wp-embedded-content\"><\/iframe><script type=\"text\/javascript\">\n\/* <![CDATA[ *\/\n\/*! This file is auto-generated *\/\n!function(d,l){\"use strict\";l.querySelector&&d.addEventListener&&\"undefined\"!=typeof URL&&(d.wp=d.wp||{},d.wp.receiveEmbedMessage||(d.wp.receiveEmbedMessage=function(e){var t=e.data;if((t||t.secret||t.message||t.value)&&!\/[^a-zA-Z0-9]\/.test(t.secret)){for(var s,r,n,a=l.querySelectorAll('iframe[data-secret=\"'+t.secret+'\"]'),o=l.querySelectorAll('blockquote[data-secret=\"'+t.secret+'\"]'),c=new RegExp(\"^https?:$\",\"i\"),i=0;i<o.length;i++)o[i].style.display=\"none\";for(i=0;i<a.length;i++)s=a[i],e.source===s.contentWindow&&(s.removeAttribute(\"style\"),\"height\"===t.message?(1e3<(r=parseInt(t.value,10))?r=1e3:~~r<200&&(r=200),s.height=r):\"link\"===t.message&&(r=new URL(s.getAttribute(\"src\")),n=new URL(t.value),c.test(n.protocol))&&n.host===r.host&&l.activeElement===s&&(d.top.location.href=t.value))}},d.addEventListener(\"message\",d.wp.receiveEmbedMessage,!1),l.addEventListener(\"DOMContentLoaded\",function(){for(var e,t,s=l.querySelectorAll(\"iframe.wp-embedded-content\"),r=0;r<s.length;r++)(t=(e=s[r]).getAttribute(\"data-secret\"))||(t=Math.random().toString(36).substring(2,12),e.src+=\"#?secret=\"+t,e.setAttribute(\"data-secret\",t)),e.contentWindow.postMessage({message:\"ready\",secret:t},\"*\")},!1)))}(window,document);\n\/* ]]> *\/\n<\/script>","thumbnail_url":"https:\/\/citymagazine.si\/wp-content\/uploads\/2024\/06\/P90553488_highRes_der-neue-bmw-m2-06-2-800x600.webp","thumbnail_width":800,"thumbnail_height":600,"description":"BMW je predstavil osve\u017eeno razli\u010dico BMW M2 2025 za leto 2025, ki ponuja 20 konjskih mo\u010di ve\u010d in srebrne plati\u0161\u010da, ki obetajo revolucijo v svetu avtomobilskega oblikovanja. Se res lahko merimo z M3 in M4? Seveda, a najprej si oglejmo ta izjemna plati\u0161\u010da!"}

Magazín mesta

BMW M2 2025: poezija posebnosti z ročnim menjalnikom

<blockquote class="wp-embedded-content" data-secret="Yvh39khp3h"><a href="https://citymagazine.si/sk/bmw-m2-2025-poezia-specialy-s-manualnou-prevodovkou/">BMW M2 2025: poézia špeciálnych funkcií s manuálnou prevodovkou</a></blockquote><iframe sandbox="allow-scripts" security="restricted" src="https://citymagazine.si/sk/bmw-m2-2025-poezia-specialy-s-manualnou-prevodovkou/embed/#?secret=Yvh39khp3h" width="600" height="338" title="&#8220;BMW M2 2025: poezija posebnosti z ročnim menjalnikom&#8221; &#8212; City Magazine" data-secret="Yvh39khp3h" frameborder="0" marginwidth="0" marginheight="0" scrolling="no" class="wp-embedded-content"></iframe><script type="text/javascript">
/* <![CDATA[ */
/*! This file is auto-generated */
!function(d,l){"use strict";l.querySelector&&d.addEventListener&&"undefined"!=typeof URL&&(d.wp=d.wp||{},d.wp.receiveEmbedMessage||(d.wp.receiveEmbedMessage=function(e){var t=e.data;if((t||t.secret||t.message||t.value)&&!/[^a-zA-Z0-9]/.test(t.secret)){for(var s,r,n,a=l.querySelectorAll('iframe[data-secret="'+t.secret+'"]'),o=l.querySelectorAll('blockquote[data-secret="'+t.secret+'"]'),c=new RegExp("^https?:$","i"),i=0;i<o.length;i++)o[i].style.display="none";for(i=0;i<a.length;i++)s=a[i],e.source===s.contentWindow&&(s.removeAttribute("style"),"height"===t.message?(1e3<(r=parseInt(t.value,10))?r=1e3:~~r<200&&(r=200),s.height=r):"link"===t.message&&(r=new URL(s.getAttribute("src")),n=new URL(t.value),c.test(n.protocol))&&n.host===r.host&&l.activeElement===s&&(d.top.location.href=t.value))}},d.addEventListener("message",d.wp.receiveEmbedMessage,!1),l.addEventListener("DOMContentLoaded",function(){for(var e,t,s=l.querySelectorAll("iframe.wp-embedded-content"),r=0;r<s.length;r++)(t=(e=s[r]).getAttribute("data-secret"))||(t=Math.random().toString(36).substring(2,12),e.src+="#?secret="+t,e.setAttribute("data-secret",t)),e.contentWindow.postMessage({message:"ready",secret:t},"*")},!1)))}(window,document);
/* ]]> */
</script>

BMW je predstavil osveženo različico BMW M2 2025 za leto 2025, ki ponuja 20 konjskih moči več in srebrne platišča, ki obetajo revolucijo v svetu avtomobilskega oblikovanja. Se res lahko merimo z M3 in M4? Seveda, a najprej si oglejmo ta izjemna platišča!
